{"id":1965,"date":"2024-08-11T21:03:21","date_gmt":"2024-08-11T21:03:21","guid":{"rendered":"https:\/\/padelrey.pt\/politica-de-privacidad\/"},"modified":"2025-08-27T00:42:42","modified_gmt":"2025-08-27T00:42:42","slug":"politica-de-privacidad","status":"publish","type":"page","link":"https:\/\/padelrey.pt\/es\/politica-de-privacidad\/","title":{"rendered":"Pol\u00edtica de privacidad"},"content":{"rendered":"\n<p>Padel Rey se compromete a proteger la privacidad de sus Clientes y Usuarios de su sitio web y, en este contexto, ha elaborado la presente Pol\u00edtica de Privacidad con el fin de mostrar su compromiso y respeto a la normativa sobre privacidad y protecci\u00f3n de datos de car\u00e1cter personal.<\/p>\n\n<p>Esta Pol\u00edtica de Privacidad se aplica exclusivamente a la recogida y tratamiento de datos personales llevados a cabo por nuestra empresa, y te aconsejamos que leas este documento en su totalidad.  <\/p>\n\n<p>Esta Pol\u00edtica de Privacidad se aplica a todos los datos personales recogidos en el sitio web.<\/p>\n\n<h2 class=\"wp-block-heading\">Responsable del tratamiento<\/h2>\n\n<p>La organizaci\u00f3n responsable del tratamiento de los datos personales es Padel Rey , con domicilio social en Avenida da Liberdade 125 Nacional 114 2525-801 Serra d&#8217; El-Rei y direcci\u00f3n de correo electr\u00f3nico padelrey@padelrey.pt.<\/p>\n\n<h2 class=\"wp-block-heading\">Tipos de datos personales<\/h2>\n\n<p>Los datos recogidos en el marco de la actividad profesional son los que figuran en los formularios de contacto de nuestro sitio web.  <\/p>\n\n<h2 class=\"wp-block-heading\">\u00bfC\u00f3mo recogemos tus datos personales?  <\/h2>\n\n<ul class=\"wp-block-list\">\n<li>A trav\u00e9s de nuestro sitio web;  <\/li>\n\n\n\n<li>Cuando te suscribes a nuestros boletines, d\u00e1ndonos tu consentimiento.  <\/li>\n<\/ul>\n\n<h2 class=\"wp-block-heading\">Motivos y fines del tratamiento  <\/h2>\n\n<ul class=\"wp-block-list\">\n<li>Fines de marketing y ventas, como: campa\u00f1as de marketing, eventos, promociones, informaci\u00f3n sobre servicios y\/o productos nuevos o actuales, encuestas de satisfacci\u00f3n;  <\/li>\n\n\n\n<li>Diligencia debida precontractual y\/o ejecuci\u00f3n de contratos de servicios;  <\/li>\n\n\n\n<li>Prestaci\u00f3n de servicios contratados y gesti\u00f3n de clientes;  <\/li>\n\n\n\n<li>Cumplimiento de una obligaci\u00f3n legal;  <\/li>\n\n\n\n<li>Cuando el tratamiento sea necesario para cumplir obligaciones legales, como responder ante organismos judiciales, reguladores y supervisores, entre otros;<\/li>\n\n\n\n<li>Inter\u00e9s leg\u00edtimo;  <\/li>\n\n\n\n<li>Cuando el tratamiento de datos personales responda a un inter\u00e9s leg\u00edtimo, como el tratamiento de datos para mejorar la calidad del servicio, la detecci\u00f3n de fraudes, etc.  <\/li>\n<\/ul>\n\n<h2 class=\"wp-block-heading\">Caducidad  <\/h2>\n\n<p>S\u00f3lo conservamos tus datos durante el tiempo necesario para el fin para el que fueron recogidos.  <\/p>\n\n<h2 class=\"wp-block-heading\">Derechos de los usuarios  <\/h2>\n\n<p>El usuario podr\u00e1 ejercer sus derechos de acceso, actualizaci\u00f3n, supresi\u00f3n, limitaci\u00f3n, oposici\u00f3n al uso de sus datos con fines comerciales por parte de la empresa y revocaci\u00f3n del consentimiento en cualquier momento, sin que ello perjudique la licitud del tratamiento efectuado en los t\u00e9rminos de dicho consentimiento, as\u00ed como el derecho a la portabilidad de los datos solicitando cualquiera de los medios anteriores. El interesado tambi\u00e9n podr\u00e1 presentar reclamaciones sobre el tratamiento de datos ante la Comisi\u00f3n Nacional de Protecci\u00f3n de Datos.   <\/p>\n\n<h2 class=\"wp-block-heading\">Transmisi\u00f3n de datos<\/h2>\n\n<p>El tratamiento de los datos de los usuarios puede ser realizado por un proveedor de servicios adecuado contratado por nuestra empresa. Cuando esto ocurre, se toman las medidas adecuadas para asegurar que las entidades que tienen acceso a los datos ofrecen las m\u00e1ximas garant\u00edas en materia de protecci\u00f3n de datos. Por lo tanto, cualquier subcontratista tratar\u00e1 los datos personales de los Usuarios en nombre y por cuenta de nuestra empresa, en estricto cumplimiento de las normas legales sobre protecci\u00f3n de datos personales, seguridad de la informaci\u00f3n y dem\u00e1s normas aplicables.  <\/p>\n\n<h2 class=\"wp-block-heading\">Transferencias internacionales de datos  <\/h2>\n\n<p>Nuestra empresa puede, en el \u00e1mbito de las finalidades descritas, transferir tus datos de usuario fuera del territorio del Espacio Econ\u00f3mico Europeo (EEE). En estos casos, cumplir\u00e1 estrictamente las disposiciones legales aplicables, es decir, determinar\u00e1 la idoneidad del pa\u00eds o pa\u00edses de destino con respecto a la protecci\u00f3n de los datos personales y los requisitos aplicables a dichas transferencias.   <\/p>\n\n<h2 class=\"wp-block-heading\">Decisiones automatizadas  <\/h2>\n\n<p>Nuestra empresa podr\u00e1 elaborar perfiles de usuario, que permitir\u00e1n tomar decisiones automatizadas basadas en caracter\u00edsticas personales, preferencias, historial de comportamiento y localizaci\u00f3n. En estos casos, el usuario tendr\u00e1 derecho a obtener la intervenci\u00f3n humana en la decisi\u00f3n, a expresar su punto de vista y a impugnar la decisi\u00f3n adoptada.   <\/p>\n\n<h2 class=\"wp-block-heading\">Medidas de protecci\u00f3n de datos personales  <\/h2>\n\n<p>Nuestra empresa aplica una serie de medidas t\u00e9cnicas y organizativas adecuadas para proteger los datos personales de los usuarios.  <\/p>\n\n<h2 class=\"wp-block-heading\">Cambios en la Pol\u00edtica de Privacidad  <\/h2>\n\n<p>De vez en cuando, nuestra empresa actualizar\u00e1 esta Pol\u00edtica de Privacidad.  <\/p>\n\n<p>Revisa este documento peri\u00f3dicamente para mantenerte al d\u00eda.<\/p>\n\n<p><\/p>\n","protected":false},"excerpt":{"rendered":"<p>Padel Rey se compromete a proteger la privacidad de sus Clientes y Usuarios de su sitio web y, en este contexto, ha elaborado la presente Pol\u00edtica de Privacidad con el fin de mostrar su compromiso y respeto a la normativa sobre privacidad y protecci\u00f3n de datos de car\u00e1cter personal. Esta Pol\u00edtica de Privacidad se aplica [&hellip;]<\/p>\n","protected":false},"author":2,"featured_media":0,"parent":0,"menu_order":0,"comment_status":"closed","ping_status":"open","template":"","meta":{"footnotes":""},"class_list":["post-1965","page","type-page","status-publish","hentry"],"_links":{"self":[{"href":"https:\/\/padelrey.pt\/es\/wp-json\/wp\/v2\/pages\/1965","targetHints":{"allow":["GET"]}}],"collection":[{"href":"https:\/\/padelrey.pt\/es\/wp-json\/wp\/v2\/pages"}],"about":[{"href":"https:\/\/padelrey.pt\/es\/wp-json\/wp\/v2\/types\/page"}],"author":[{"embeddable":true,"href":"https:\/\/padelrey.pt\/es\/wp-json\/wp\/v2\/users\/2"}],"replies":[{"embeddable":true,"href":"https:\/\/padelrey.pt\/es\/wp-json\/wp\/v2\/comments?post=1965"}],"version-history":[{"count":1,"href":"https:\/\/padelrey.pt\/es\/wp-json\/wp\/v2\/pages\/1965\/revisions"}],"predecessor-version":[{"id":1967,"href":"https:\/\/padelrey.pt\/es\/wp-json\/wp\/v2\/pages\/1965\/revisions\/1967"}],"wp:attachment":[{"href":"https:\/\/padelrey.pt\/es\/wp-json\/wp\/v2\/media?parent=1965"}],"curies":[{"name":"wp","href":"https:\/\/api.w.org\/{rel}","templated":true}]}}

Política de privacidad

<p>Padel Rey se compromete a proteger la privacidad de sus Clientes y Usuarios de su sitio web y, en este contexto, ha elaborado la presente Política de Privacidad con el fin de mostrar su compromiso y respeto a la normativa sobre privacidad y protección de datos de carácter personal.</p>

<p>Esta Política de Privacidad se aplica exclusivamente a la recogida y tratamiento de datos personales llevados a cabo por nuestra empresa, y te aconsejamos que leas este documento en su totalidad.  </p>

<p>Esta Política de Privacidad se aplica a todos los datos personales recogidos en el sitio web.</p>

<h2 class="wp-block-heading">Responsable del tratamiento</h2>

<p>La organización responsable del tratamiento de los datos personales es Padel Rey , con domicilio social en Avenida da Liberdade 125 Nacional 114 2525-801 Serra d&#8217; El-Rei y dirección de correo electrónico padelrey@padelrey.pt.</p>

<h2 class="wp-block-heading">Tipos de datos personales</h2>

<p>Los datos recogidos en el marco de la actividad profesional son los que figuran en los formularios de contacto de nuestro sitio web.  </p>

<h2 class="wp-block-heading">¿Cómo recogemos tus datos personales?  </h2>

<ul class="wp-block-list">
<li>A través de nuestro sitio web;  </li>



<li>Cuando te suscribes a nuestros boletines, dándonos tu consentimiento.  </li>
</ul>

<h2 class="wp-block-heading">Motivos y fines del tratamiento  </h2>

<ul class="wp-block-list">
<li>Fines de marketing y ventas, como: campañas de marketing, eventos, promociones, información sobre servicios y/o productos nuevos o actuales, encuestas de satisfacción;  </li>



<li>Diligencia debida precontractual y/o ejecución de contratos de servicios;  </li>



<li>Prestación de servicios contratados y gestión de clientes;  </li>



<li>Cumplimiento de una obligación legal;  </li>



<li>Cuando el tratamiento sea necesario para cumplir obligaciones legales, como responder ante organismos judiciales, reguladores y supervisores, entre otros;</li>



<li>Interés legítimo;  </li>



<li>Cuando el tratamiento de datos personales responda a un interés legítimo, como el tratamiento de datos para mejorar la calidad del servicio, la detección de fraudes, etc.  </li>
</ul>

<h2 class="wp-block-heading">Caducidad  </h2>

<p>Sólo conservamos tus datos durante el tiempo necesario para el fin para el que fueron recogidos.  </p>

<h2 class="wp-block-heading">Derechos de los usuarios  </h2>

<p>El usuario podrá ejercer sus derechos de acceso, actualización, supresión, limitación, oposición al uso de sus datos con fines comerciales por parte de la empresa y revocación del consentimiento en cualquier momento, sin que ello perjudique la licitud del tratamiento efectuado en los términos de dicho consentimiento, así como el derecho a la portabilidad de los datos solicitando cualquiera de los medios anteriores. El interesado también podrá presentar reclamaciones sobre el tratamiento de datos ante la Comisión Nacional de Protección de Datos.   </p>

<h2 class="wp-block-heading">Transmisión de datos</h2>

<p>El tratamiento de los datos de los usuarios puede ser realizado por un proveedor de servicios adecuado contratado por nuestra empresa. Cuando esto ocurre, se toman las medidas adecuadas para asegurar que las entidades que tienen acceso a los datos ofrecen las máximas garantías en materia de protección de datos. Por lo tanto, cualquier subcontratista tratará los datos personales de los Usuarios en nombre y por cuenta de nuestra empresa, en estricto cumplimiento de las normas legales sobre protección de datos personales, seguridad de la información y demás normas aplicables.  </p>

<h2 class="wp-block-heading">Transferencias internacionales de datos  </h2>

<p>Nuestra empresa puede, en el ámbito de las finalidades descritas, transferir tus datos de usuario fuera del territorio del Espacio Económico Europeo (EEE). En estos casos, cumplirá estrictamente las disposiciones legales aplicables, es decir, determinará la idoneidad del país o países de destino con respecto a la protección de los datos personales y los requisitos aplicables a dichas transferencias.   </p>

<h2 class="wp-block-heading">Decisiones automatizadas  </h2>

<p>Nuestra empresa podrá elaborar perfiles de usuario, que permitirán tomar decisiones automatizadas basadas en características personales, preferencias, historial de comportamiento y localización. En estos casos, el usuario tendrá derecho a obtener la intervención humana en la decisión, a expresar su punto de vista y a impugnar la decisión adoptada.   </p>

<h2 class="wp-block-heading">Medidas de protección de datos personales  </h2>

<p>Nuestra empresa aplica una serie de medidas técnicas y organizativas adecuadas para proteger los datos personales de los usuarios.  </p>

<h2 class="wp-block-heading">Cambios en la Política de Privacidad  </h2>

<p>De vez en cuando, nuestra empresa actualizará esta Política de Privacidad.  </p>

<p>Revisa este documento periódicamente para mantenerte al día.</p>

<p></p>

<p>Padel Rey se compromete a proteger la privacidad de sus Clientes y Usuarios de su sitio web y, en este contexto, ha elaborado la presente Política de Privacidad con el fin de mostrar su compromiso y respeto a la normativa sobre privacidad y protección de datos de carácter personal. Esta Política de Privacidad se aplica [&hellip;]</p>
